r when 56226 is divided by 865.
1
What is the remainder when 63915 is divided by 161?
159
What is the remainder when 8741 is divided by 3868?
1005
Calculate the remainder when 32812 is divided by 58.
42
What is the remainder when 175687 is divided by 723?
721
Calculate the remainder when 4398 is divided by 2030.
338
What is the remainder when 218075 is divided by 123?
119
Calculate the remainder when 5436 is divided by 1335.
96
Calculate the remainder when 367 is divided by 29.
19
What is the remainder when 2961 is divided by 1452?
57
Calculate the remainder when 9813 is divided by 755.
753
Calculate the remainder when 52191 is divided by 233.
232
What is the remainder when 5912 is divided by 1870?
302
Calculate the remainder when 10263 is divided by 9581.
682
What is the remainder when 6141 is divided by 754?
109
What is the remainder when 16539 is divided by 178?
163
What is the remainder when 2589598 is divided by 332?
330
What is the remainder when 6545 is divided by 13?
6
What is the remainder when 108899 is divided by 183?
14
What is the remainder when 10184 is divided by 352?
328
Calculate the remainder when 3949 is divided by 162.
61
What is the remainder when 2353 is divided by 229?
63
Calculate the remainder when 1804 is divided by 322.
194
Calculate the remainder when 104574 is divided by 235.
234
Calculate the remainder when 16733 is divided by 8330.
73
What is the remainder when 4658 is divided by 2232?
194
What is the remainder when 126035 is divided by 674?
671
Calculate the remainder when 223775 is divided by 1482.
1475
Calculate the remainder when 44790 is divided by 11194.
14
Calculate the remainder when 6887 is divided by 13.
10
What is the remainder when 19962 is divided by 52?
46
What is the remainder when 1964 is divided by 601?
161
What is the remainder when 21468 is divided by 226?
224
What is the remainder when 201655 is divided by 3666?
25
What is the remainder when 2139 is divided by 323?
201
What is the remainder when 932 is divided by 310?
2
Calculate the remainder when 5531 is divided by 1051.
276
What is the remainder when 2682 is divided by 385?
372
Calculate the remainder when 119618 is divided by 16.
2
What is the remainder when 3048 is divided by 2034?
1014
What is the remainder when 1966437 is divided by 420?
417
What is the remainder when 13514 is divided by 5?
4
What is the remainder when 35868 is divided by 1995?
1953
Calculate the remainder when 23042 is divided by 1056.
866
Calculate the remainder when 211 is divided by 169.
42
What is the remainder when 76599 is divided by 50?
49
What is the remainder when 929 is divided by 620?
309
What is the remainder when 223 is divided by 4?
3
Calculate the remainder when 6821 is divided by 487.
3
What is the remainder when 18754 is divided by 695?
684
Calculate the remainder when 291120 is divided by 6065.
0
Calculate the remainder when 839858 is divided by 1359.
1355
What is the remainder when 1733 is divided by 5?
3
Calculate the remainder when 601431 is divided by 13.
12
Calculate the remainder when 11264 is divided by 70.
64
Calculate the remainder when 518743 is divided by 209.
5
What is the remainder when 286 is divided by 234?
52
What is the remainder when 287 is divided by 284?
3
What is the remainder when 454572 is divided by 49?
48
Calculate the remainder when 221660 is divided by 3410.
10
Calculate the remainder when 17965 is divided by 13.
12
What is the remainder when 8315 is divided by 132?
131
What is the remainder when 16349 is divided by 58?
51
Calculate the remainder when 14148 is divided by 4709.
21
Calculate the remainder when 871 is divided by 392.
87
What is the remainder when 571165 is divided by 42?
7
Calculate the remainder when 1964 is divided by 128.
44
What is the remainder when 1552298 is divided by 104?
98
What is the remainder when 61055 is divided by 12207?
20
What is the remainder when 5041 is divided by 2508?
25
Calculate the remainder when 22016 is divided by 21930.
86
What is the remainder when 9948 is divided by 86?
58
Calculate the remainder when 714409 is divided by 760.
9
What is the remainder when 104855 is divided by 68?
67
What is the remainder when 1090 is divided by 148?
54
What is the remainder when 78008 is divided by 533?
190
What is the remainder when 30676 is divided by 7669?
0
Calculate the remainder when 356114 is divided by 37.
26
What is the remainder when 2611 is divided by 866?
13
Calculate the remainder when 13015 is divided by 4243.
286
What is the remainder when 330944 is divided by 27578?
8
Calculate the remainder when 8078 is divided by 24.
14
Calculate the remainder when 5696 is divided by 203.
12
Calculate the remainder when 922 is divided by 674.
248
What is the remainder when 48451 is divided by 745?
26
Calculate the remainder when 290833 is divided by 119.
116
Calculate the remainder when 15098 is divided by 57.
50
Calculate the remainder when 6458 is divided by 147.
137
Calculate the remainder when 38538 is divided by 19267.
4
Calculate the remainder when 336 is divided by 31.
26
What is the remainder when 70986 is divided by 70?
6
Calculate the remainder when 585830 is divided by 195276.
2
Calculate the remainder when 163616 is divided by 40.
16
What is the remainder when 6461 is divided by 273?
182
What is the remainder when 2468 is divided by 474?
98
Calculate the remainder when 386779 is divided by 368.
11
Calculate the remainder when 23535 is divided by 47.
35
What is the remainder when 8824 is divided by 114?
46
What is the remainder when 7950 is divided by 673?
547
What is the remainder when 4457 is divided by 159?
5
What is the remainder when 3751 is divided by 1851?
49
What is the remainder when 95438 is divided by 87?
86
Calculate the remainder when 3509 is divided by 1118.
155
What is the remainder when 1496917 is divided by 14?
9
What is the remainder when 3352754 is divided by 21?
20
What is the remainder when 4074 is divided by 18?
6
What is the remainder when 81374 is divided by 656?
30
What is the remainder when 8731 is divided by 970?
1
What is the remainder when 26653 is divided by 653?
533
Calculate the remainder when 154922 is divided by 62.
46
Calculate the remainder when 493183 is divided by 245.
243
What is the remainder when 17939 is divided by 5974?
17
What is the remainder when 340334 is divided by 73?
8
What is the remainder when 10864 is divided by 925?
689
Calculate the remainder when 798481 is divided by 4.
1
What is the remainder when 1536 is divided by 229?
162
Calculate the remainder when 8848 is divided by 246.
238
Calculate the remainder when 16593 is divided by 2893.
2128
What is the remainder when 19511 is divided by 6501?
8
What is the remainder when 2491 is divided by 64?
59
What is the remainder when 66041 is divided by 191?
146
Calculate the remainder when 108241 is divided by 128.
81
What is the remainder when 44380 is divided by 11092?
12
What is the remainder when 635 is divided by 57?
8
Calculate the remainder when 12913 is divided by 2074.
469
Calculate the remainder when 18013 is divided by 8997.
19
What is the remainder when 8463 is divided by 138?
45
What is the remainder when 2828 is divided by 58?
44
What is the remainder when 3581 is divided by 114?
47
What is the remainder when 3260 is divided by 1319?
622
What is the remainder when 26595 is divided by 43?
21
Calculate the remainder when 13466 is divided by 162.
20
Calculate the remainder when 1099 is divided by 84.
7
Calculate the remainder when 51053 is divided by 516.
485
Calculate the remainder when 1837703 is divided by 612553.
44
Calculate the remainder when 423 is divided by 98.
31
What is the remainder when 9714 is divided by 49?
12
What is the remainder when 22041 is divided by 30?
21
Calculate the remainder when 2217 is divided by 321.
291
What is the remainder when 54851 is divided by 28?
27
Calculate the remainder when 533 is divided by 255.
23
What is the remainder when 29966 is divided by 7491?
2
Calculate the remainder when 105615 is divided by 287.
286
What is the remainder when 3405 is divided by 4?
1
Calculate the remainder when 10954 is divided by 332.
330
Calculate the remainder when 144314 is divided by 718.
714
Calculate the remainder when 11751 is divided by 73.
71
Ca